
2, 5
Let f be 11 - (-1 + 0)*-1. Let k(y) = y + 10. Let h be k(-8). Suppose h*o - o = f. What are the prime factors of o?
2, 5
Let a = 15 + -8. List the prime factors of a.
7
What are the prime factors of 2/6 + (-984)/(-18)?
5, 11
List the prime factors of (6 + -7)*(-1 - 87).
2, 11
Let h be ((-3)/(-2))/(3/(-8)). Let y = 18 + h. What are the prime factors of y?
2, 7
Suppose o + 150 = 3*u, -2*u - 4*o - 50 = -3*u. Suppose -4*n + 18 + u = 0. What are the prime factors of n?
17
Suppose c + 39 - 14 = 0. What are the prime factors of (-23)/(-5) - 10/c?
5
List the prime factors of (-504)/(-15) + (-2)/(-5).
2, 17
Suppose 2*c - 5*c + 6 = 0. Suppose 0 = -2*w + 3*l - 6, -2*l = -4*w + l. Suppose -4*s + c = -w*s. What are the prime factors of s?
2
Let n be (-3*(2 + -1))/1. Let w be 2/n + (-339)/(-9). Suppose -w = -3*c - 2*k + 1, -k + 4 = 0. What are the prime factors of c?
2, 5
Suppose 3*l - 2 - 64 = 0. List the prime factors of l.
2, 11
Suppose -2*j + 4 = -j. Suppose 0 = 3*n + i - 3*i - 38, -j*i - 60 = -5*n. What are the prime factors of n?
2
Let w(n) = n**2 - 3*n + 3. Let v be (-1 + 6 + -1)/1. List the prime factors of w(v).
7
Suppose p + 17 = -2*j, -2*j + 2*p - 4 = -2. Let s(z) = -2*z - 7. Let w be s(j). Suppose 32 = a - w*i, 2*i + 32 = 3*a - a. What are the prime factors of a?
2, 3
Let m be ((-7)/(-35))/((-1)/(-5)). List the prime factors of (4 - (1 + m)) + 6.
2
Let p = -2 + 4. Suppose -2*y = -p - 8. What are the prime factors of y?
5
Suppose -4*s = -2*b + 102, 4*b - 21 = 2*s + 213. What are the prime factors of b?
61
Let w = -118 + 167. List the prime factors of w.
7
Suppose 0 = 3*j + 154 + 23. Let q = 85 + j. List the prime factors of q.
2, 13
Let z(r) = -2*r**3 - r - 2. Let b(a) = a + 1. Let o be b(-3). What are the prime factors of z(o)?
2
Let n = 159 + -71. What are the prime factors of n?
2, 11
Let t be 4 + 1 - (2 - 2). Suppose -3*g = u - 127, -15 - 38 = -g + t*u. What are the prime factors of g?
43
Suppose -2*h - 1030 = 8*q - 12*q, -q = 4*h - 253. List the prime factors of q.
257
Suppose -4*p = -5*h - 0*h - 531, 3*h = -2*p + 293. List the prime factors of p.
139
Let a = -10 - -15. Let q(z) = 2*z**2 - 5*z - 7. What are the prime factors of q(a)?
2, 3
Let a = 5 + 2. What are the prime factors of a?
7
Let f(t) = t + 10. Suppose -4*k + 0*k + 4 = 0. Let x be k - (9*-2)/(-3). What are the prime factors of f(x)?
5
Let h = -31 + 36. List the prime factors of h.
5
Suppose -5*l = -9*l + 116. Suppose -11 + l = k - 5*h, h + 18 = k. List the prime factors of k.
2, 3
Suppose 0*t - 8 = 2*t, -2*o - t = 0. Let k(g) = g - 6. Let j be k(6). Let l = o - j. What are the prime factors of l?
2
Let l(o) be the second derivative of 0 - o**2 - o - 2/3*o**3. What are the prime factors of l(-3)?
2, 5
What are the prime factors of 4 + -4 + 12/4?
3
Suppose 2*z = 2 + 8. What are the prime factors of z?
5
Let w be ((-8)/(-20))/(2/10). Let p be 2/(-6) + w/6. What are the prime factors of 0 + p + 56/4?
2, 7
Suppose -5*h - 4*c = -45 - 113, 4*h + 5*c - 130 = 0. List the prime factors of h.
2, 3, 5
Let o = 4 + -5. Let v be o*3/(-9)*-3. Let i = 4 - v. List the prime factors of i.
5
Suppose -4*f + f = 0. List the prime factors of (-1)/((-1 + f)/11).
11
Suppose 0 = -4*n + 12, -3*q + 5 = q - n. Let v = q + 20. What are the prime factors of v?
2, 11
What are the prime factors of (-8 - -11) + 34*3?
3, 5, 7
Let h = -95 + 135. Suppose 0*p - 5*p - 4*t + h = 0, -2*p + 18 = 2*t. What are the prime factors of p?
2
Let t be 24/(-9) + (-2)/(-3). Let a be ((-102)/(-9))/(t/(-3)). Let m = -5 + a. List the prime factors of m.
2, 3
Suppose -4*m = -3*p + 22, -3*m + 95 = 5*p + 2*m. Suppose q - p = -q. List the prime factors of q.
7
Let k = 2 + -1. Let v = 6 - k. Suppose 5*b + 30 = t, v = -4*t + 3*b - 8*b. What are the prime factors of t?
5
Suppose 3*y + 4*m + 31 = -10, -5*y - 2*m - 73 = 0. Let o be (-3)/2*100/y. List the prime factors of (-2)/5*-3*o.
2, 3
Let v(b) = b**3 + 3*b**2 - 4*b - 4. Let i(x) = 2*x - 8. Let k be i(8). Suppose -k = 2*z - 2. List the prime factors of v(z).
2
Suppose 0 = -4*p + p + 9. Let n = p - 7. List the prime factors of 87/5 - n/(-10).
17
Let u(s) = 22*s - 1. Let f be u(1). Let h = f - 11. Suppose 20 = 5*t - h. What are the prime factors of t?
2, 3
Suppose 4*z = -g - 3*g + 404, z + 5*g = 81. What are the prime factors of z?
2, 53
Let d(b) = b + 16. Let k = 22 + -36. List the prime factors of d(k).
2
Let d(u) = -u**2 + 9*u - 10. Suppose 4*b - 13 = 15. List the prime factors of d(b).
2
Let x(b) = b - 1. Let p be x(3). Suppose 4*r - 25 = -u + 5, 0 = 2*u + p*r - 42. What are the prime factors of u?
2, 3
Let j(b) = -b**2 + 7*b - 2. Let z be j(7). Let y(r) be the second derivative of -r**5/20 + r**3/3 - r**2/2 + 3*r. List the prime factors of y(z).
3
Let g(a) = 4*a**2 - a. Let r(c) = -c + 6. Let q be r(0). Let x be 2/q + (-8)/6. What are the prime factors of g(x)?
5
List the prime factors of 9/36 - (-55)/4.
2, 7
Let x(s) = s + 9. Let y be x(-7). Suppose -59 = -3*u - o, -y*o = -0*u - u + 15. List the prime factors of u.
19
Suppose -u = -3 + 1. Suppose -l - 6 = -r - u*l, -r = 3*l - 4. What are the prime factors of r?
7
Suppose -v - 2 = 0, -4*j - 2*v + 362 = -v. List the prime factors of j.
7, 13
Let x = -471 + 755. List the prime factors of x.
2, 71
Let l(m) = -3*m**3 - 2*m - 1. Let q be l(-1). Suppose -105 = q*p - 7*p. Let z = p - 21. List the prime factors of z.
2, 7
List the prime factors of (-2)/(-3)*(-2 - (4 + -78)).
2, 3
Suppose 121 = 5*s - y, 0*y - 2*y = -8. Suppose -4*u + s = u - 2*i, 0 = -2*u - 3*i + 29. What are the prime factors of u?
7
Suppose 6*j - 35 = -5*l + j, 4*l - 23 = -3*j. Let n be 2/3*(-12)/l. Let o = n - -11. List the prime factors of o.
7
What are the prime factors of 3 + 76/16*4?
2, 11
Let m(p) = 18*p - 8. List the prime factors of m(4).
2
Suppose 4*f - 5*p - 27 = 17, 0 = -p - 4. Suppose -5*r + 4 = -f. Suppose -2*c - r*c + 8 = 0. What are the prime factors of c?
2
Suppose -j - j = -4*b + 186, 3*b + j = 137. List the prime factors of b.
2, 23
Let h(i) = -2*i**2 + 3*i + 2. Let f(y) = 2*y**2 + 1. Let d be f(-1). Let j be h(d). List the prime factors of 4/14 - 40/j.
2, 3
Let u = -464 + 687. List the prime factors of u.
223
Suppose -1 + 16 = 3*z. Suppose -i - 4*f - f + 25 = 0, i = -2*f + 28. Suppose -z*c + i = -2*c. What are the prime factors of c?
2, 5
Let u(z) = 19*z - 95. Let m(b) = 10*b - 47. Let d(p) = 13*m(p) - 6*u(p). Let o(f) = -3*f + 8. Let i(a) = 2*d(a) + 11*o(a). What are the prime factors of i(-5)?
11
Suppose 40 = 2*y - 2*s, -4*y = 3*s - s - 74. List the prime factors of y.
19
Let o(j) = -j - 2. Suppose l + 10 = 2*b - l, -2*b = l + 2. Let d be (-3)/(-3)*-7*b. List the prime factors of o(d).
5
Let y(q) = 0 - 3 + q + q**2 + 6*q. List the prime factors of y(-8).
5
Let i be (-50)/8 + (-2)/(-8). List the prime factors of -18*(i/(-4) - 2).
3
Let v(t) = 3*t + 0*t + 6 + 0. Let j(z) = -4*z - 9. Let u(w) = 5*j(w) + 7*v(w). What are the prime factors of u(5)?
2
Let s = -4 - 41. Let j = 1 - s. What are the prime factors of j?
2, 23
Suppose l - 6 = -0. Suppose 2*k = -10, 2*k = 3*h - l - 22. List the prime factors of h.
2, 3
Let n = -56 - -92. List the prime factors of n.
2, 3
Let m = 35 - 6. List the prime factors of m.
29
Let g(f) = f**2 + 12*f + 10. What are the prime factors of g(-13)?
23
Let s be (-2)/(-6) - (-28)/6. Suppose -2*y - 6*a + 94 = -a, s*y - 193 = -2*a. What are the prime factors of y?
37
Suppose -h = h + 16. Let g = 12 + h. What are the prime factors of g?
2
Let b(n) = -n**3 - 3*n**2 + 6*n + 7. List the prime factors of b(-5).
3
Suppose 2*v = -2*n + 132, 0*v + 2*n = -v + 66. What are the prime factors of v?
2, 3, 11
Let q be 2 - -3*2/(-6). What are the prime factors of (-129)/(-3) + q + -2?
2, 3, 7
Let w(b) = 13*b**3 - 3*b**2 + b + 1. What are the prime factors of w(1)?
2, 3
Suppose 5*x + 235 = 5*t, -5*t - 2*x = -5*x - 225. What are the prime factors of t?
2, 3, 7
Let v(b) = -b**3 + 9*b**2 + 13*b + 14. Let k be v(10). Suppose 4*m - k = 2*y - 0*y, 5*y - 10 = 0. What are the prime factors of m?
2, 3
Suppose 3*g + 41 = 5*z, 4 - 14 = -2*z - 2*g. What are the prime factors of z?
7
Let v be (1 + -8)*(2 - 4). Let z = 38 - v. Suppose 0 = -5*h - z + 84. List the prime factors of h.
2, 3
Suppose 3*v - 4 = -v. Let l = v + 2. List the prime factors of l.
3
Su